2. Let d = r + -6. Let t = d + 5. Let h(a) = 3*a + 6. Calculate h(t).
-6
Let b(z) = -z**2 - 6*z - 7. Let x = 25 - 27. Let d = -8 - x. Determine b(d).
-7
Let q(x) = x**2 + x**3 + 9*x - 9*x. What is q(-1)?
0
Let z(b) = -b**3 - 3*b**2 + 4*b - 5. Suppose 3*u + h - 33 = 0, -6*u + 2*u = -4*h - 60. Let j be (-36)/10 - u/30. What is z(j)?
-5
Suppose 5*l + 16 = l. Let z be 3/(-9)*-3*l. Let j(h) = h**2 + 3*h + 3. Determine j(z).
7
Let x(r) be the second derivative of r**3/6 - r**2 - 5*r. Determine x(4).
2
Let h(o) = 2*o**3 + 5*o**2 + 7*o + 2. Let f = -64 - -46. Let j = -11 - f. Let u(q) = 3*q**3 + 8*q**2 + 11*q + 3. Let k(y) = j*h(y) - 5*u(y). What is k(-4)?
7
Let l(m) = m**2 - 2*m + 11. Let n(i) be the third derivative of i**5/30 - i**4/8 + 2*i**3 - 7*i**2. Let o(z) = -3*l(z) + 2*n(z). Calculate o(0).
-9
Suppose -3*l + 2 = -1. Let z(w) be the third derivative of w**8/2880 - w**7/5040 - w**5/30 - w**2. Let g(a) be the third derivative of z(a). Determine g(l).
6
Let s(x) = -3*x + 0 + 5 + 4*x**2 - 4. Give s(2).
11
Let v(s) = -2*s + 14. Let u(o) = 5*o - 2 - 4*o + 3*o. Let j(i) = -i - 1. Let d(g) = -3*j(g) - u(g). Let t(a) = 8*d(a) - 3*v(a). What is t(2)?
-6
Let f(l) be the first derivative of -l**4/4 - l**3/3 - l**2/2 - 17. Give f(-1).
1
Let c(a) = 4*a**2 - 4*a - 4. Let n(r) = -r**2 + r + 1. Let k(h) = c(h) + 3*n(h). Suppose 4 = 5*l - 6. Determine k(l).
1
Let z(c) = 2*c - 2. Let d(w) = -4*w**3 + w**2. Let p be d(1). Determine z(p).
-8
Let t(s) = s**2 - 6*s + 4. Let o be (-330)/27 - (-4)/18. Let v be (-58)/o + 2/12. Give t(v).
-1
Let b be 1 - (0 + (-1)/(-1)). Let f(o) = 0*o + 2*o - 3 + b*o. Suppose w = -3*a + 9, -3*w + 0 = 2*a + 1. Determine f(a).
5
Suppose 0 = -3*q + 5*f - 23, 5*f = f + 4. Let d(v) = 5*v - 1. Let h(b) = -4*b + 1. Let u(j) = q*d(j) - 5*h(j). Let g = -1 - -2. Determine u(g).
-9
Let b(p) = -2*p + 12. Let h(q) = q**3 - 18*q**2 + 20*q - 42. Let m be h(17). Give b(m).
-6
Let m(g) = 6*g + 1. Let v be ((-16)/10 + 2)*20. Let s = v + -5. Suppose -3 = s*i - 0*i. Give m(i).
-5
Let b(q) = 2*q - 74 - 72 + 144. Calculate b(4).
6
Suppose -4*j + 4*y + 4 = 0, 0 = -5*j - 4*y - 13 - 0. Let f(q) = -10*q - 1. What is f(j)?
9
Let n be 2/(-7) - 30/(-7). Let x(s) = -s**2 + 5*s - 5. What is x(n)?
-1
Let u be -1 - (2 - 12/(-1)). Let o be 6*(u/6 + 1). Let d = -6 - o. Let v(x) = x**2 - 4*x + 4. Calculate v(d).
1
Let r(v) be the third derivative of -v**6/120 - v**5/15 - v**4/24 + v**3/6 - v**2. Let m be (-55)/15 + (-2)/6. Let z be r(m). Let t(q) = q + 2. Give t(z).
7
Let m(h) be the third derivative of h**5/60 - 5*h**4/24 + h**3/3 + 3*h**2. Let g = 12 + -7. Give m(g).
2
Let s(m) = -m**3 - m**2 - m + 1. Suppose -6*f = -4*f. Give s(f).
1
Let u be (-5)/(-3) - 6/(-18). Let q(r) be the first derivative of 1 + 1/2*r**2 + 0*r. Give q(u).
2
Let k(q) = -q**3 + 1. Let l(b) = -b**3 - 8*b**2 + 6*b + 6. Let i(f) = -2*k(f) + l(f). Calculate i(7).
-3
Let y(r) = 4*r + 5 - 10*r + 5*r. Give y(5).
0
Let k = 2 + -4. Let m(s) be the second derivative of -s**4/12 - s**2/2 + 3*s. Let f(i) = -i**3 - i**2 - i + 6. Let r(h) = k*m(h) + f(h). Determine r(0).
8
Let r(m) = -m - 22. Let j be r(-17). Let b(v) = -2*v. Calculate b(j).
10
Let s(m) = m**2 - 3*m + 3. Suppose -6 = 4*q - w, -w - 14 + 4 = 4*q. Let o be (-48)/q*6/(-8). Let d be o/4*(-8)/12. Calculate s(d).
3
Let y(j) = j**2 - 7*j + 2. Let o = -6 - 1. Let x(b) = b**2 + 8*b + 6. Let n be x(o). Let c = n + 6. Give y(c).
-8
Let k = -31 + 33. Let t(u) = 5*u**2 - 4*u + 3. Calculate t(k).
15
Let v be (24/14)/(40/(-140)). Let q(j) = -3*j - 8. What is q(v)?
10
Let w(d) = -2 + 6*d**2 + 3*d**2 + 2*d - 10*d**2. Calculate w(3).
-5
Let f(a) = 7*a**3 - 7*a**2 - 8*a + 12. Let x(m) = m**3 - m + 1. Let o(z) = f(z) - 6*x(z). What is o(7)?
-8
Let x(k) be the first derivative of 5 + 3/2*k**2 + 0*k - 1/4*k**4 + k**3. Calculate x(3).
9
Suppose -5*o = -171 - 29. Let d(b) = 39*b**3 - b**2 + 5*b**2 - o*b**3 - 2*b. Suppose -3*m + 2*i + 15 = 0, -3*i + 18 = 4*m - 5*i. Determine d(m).
3
Suppose -21 = -4*q + 3*d, -5*d = -q + 7 + 11. Let s(c) = c**3 - 2*c**2 - c - 2. Determine s(q).
4
Let f(s) = 0*s - 1 + 4*s - s - 5*s. Let o = 12 + -17. What is f(o)?
9
Let w(x) = -x**2 - 12*x - 8. Suppose -5*h = -b - 2, 2*b + 3*h = -33 + 3. Determine w(b).
-8
Suppose -4 = -3*v + 4*v. Let a be (v/(-3))/(2/(-3)). Let b(i) = -2*i. Determine b(a).
4
Let r(z) = z**3 - 2*z**2 + 3*z + 2. Suppose -5*f + 3 = 3*g, -4*f + 22 = -3*g - 2. Determine r(f).
20
Let o(u) = u**2 - 8*u + 1. Let z be (-1)/(4/(-40)*1). Calculate o(z).
21
Let q = -6 - -6. Let k(v) = -1 + 3*v + v**2 + q*v**2 - 1. What is k(-3)?
-2
Let q(h) = h**2 + 8*h - 1. Let f(b) = 2*b + 14. Let k be f(-6). Suppose -6 = 2*a + 3*d, -5*a = -a + k*d + 20. What is q(a)?
-13
Let z(o) be the third derivative of 0 - 1/12*o**4 + 2*o**2 + 1/3*o**3 + 0*o. Let s be (2 - 6) + (-1)/(-1). Determine z(s).
8
Suppose -4*w = -5*w + 2. Let q(v) = -2*v + 6*v - w - 3*v. Suppose -4*f = 2*o - 12, -5*f + 4*f = 4*o + 4. Determine q(f).
2
Let n(s) = s - 9. Suppose f + 3*f = 0. Suppose f = -2*g + 3*g - 4. Calculate n(g).
-5
Let q(j) = j**3 - j - 1. Let v(c) = 14*c**3 - 2*c**2 - 4*c - 5. Let x(t) = 5*q(t) - v(t). What is x(1)?
-8
Suppose -9 = -3*d - 4*o, 2*o - 1 = -9*d + 4*d. Let m(i) = 6*i. Give m(d).
-6
Let u(r) = -2*r. Let z be 7 - (6/3)/2. Suppose z*g = 2*g. Suppose -2*f + 0 - 2 = g. Calculate u(f).
2
Let g(d) = 6*d**3 + d**2 + 2*d + 1. Let x = 8 + -4. Let q be (-4*(-2)/x)/(-2). What is g(q)?
-6
Let c be (-3)/1*(-1 - 0). Suppose c*w = 6*w. Let y(u) = u**3 - u - 2. What is y(w)?
-2
Suppose s + 0 = -4*a + 22, 0 = -s + 5*a - 23. Let n(t) = -4*t**3 - 13*t**2 - 3*t - 7. Let w(v) = -v**3 - 4*v**2 - v - 2. Let p(c) = -2*n(c) + 7*w(c). Give p(s).
-2
Let d be (-24 + 20)/(0 + 1). Let a(v) be the first derivative of -1/4*v**4 - 4/3*v**3 + 1 + 0*v**2 + v. Calculate a(d).
1
Let m(a) = -4*a - 5. Let p = 116 - 119. Calculate m(p).
7
Suppose 0 = -2*u + w + 12, u - 2*w - 2 = 4. Let p = u + -10. Let c(m) = -m**2 + m + 8. Let h(i) = -i**2 + 2*i + 9. Let z(n) = 4*c(n) - 3*h(n). What is z(p)?
-3
Let i(s) be the first derivative of -s**4/12 - 5*s**3/6 - 2*s**2 - 9*s + 6. Let l(k) be the first derivative of i(k). Give l(-3).
2
Let f(c) = 3*c + 2517 - c**2 - 2517. Determine f(3).
0
Let s(v) be the first derivative of 7*v**4/4 - v**2/2 - v + 3. Determine s(-1).
-7
Let b(f) = -3*f - 10 - f**2 + 8 + 3. Calculate b(-6).
-17
Suppose -n - 12 = -3*l - 2*n, 4*l - 4*n - 32 = 0. Let r(k) be the second derivative of -k**3/2 + 7*k**2/2 - 28*k - 2. Determine r(l).
-8
Let o(w) be the first derivative of -w**2 + w + 2. Let j = -17 + 18. What is o(j)?
-1
Let h(r) = -10*r**3 - 6*r**2 + 4*r - 15. Let g(p) = -2*p**3 - p**2 + p - 3. Let v(s) = -11*g(s) + 2*h(s). What is v(2)?
9
Let l(t) = -t**2 + t - 7. Let b be 9/27 - 2/6. What is l(b)?
-7
Let w(u) = -5*u + 1. Let o(g) = 21*g - 4. Let z be -2*((-18)/(-4))/(-1). Let s(i) = z*w(i) + 2*o(i). Let m be (0 - 0) + (-4)/(-4). What is s(m)?
-2
Let r = -18 + 17. Let o(m) = 6*m - 1. What is o(r)?
-7
Let m(p) be the third derivative of 0 - 1/30*p**5 + 0*p + 1/24*p**6 - 1/24*p**4 + 4*p**2 + 0*p**3. What is m(-1)?
-6
Let p(i) = -i + 5. Let z(r) = -r + 4. Let g(v) = 5*p(v) - 6*z(v). Suppose 0*l - 2*l = 4. Let h be -3*1/(-3)*l. What is g(h)?
-1
Let w(t) be the third derivative of 3*t**6/40 + t**5/30 + t**4/24 - 58*t**2. Suppose 0 = -3*p - p - 4. Calculate w(p).
-8
Suppose 3*g = -v + 13, 0*g + g - 3 = v. Suppose g*h = -h + 35. Let w(l) = -l**3 + 8*l**2 - 6*l - 9. Give w(h).
-2
Suppose 19 = 2*f - 3*p, -3*p + 5*p = 2*f - 14. Let g(y) = f*y**2 + 1 - 4*y**2 - 3*y**2 + y**3. Let u(d) = 2*d**3 - 4*d**2 + 4*d - 3. Let v be u(2). Give g(v).
1
Let w(n) be the second derivative of -n**4/12 + n**3/2 - n**2 + n. Calculate w(4).
-6
Suppose -m + 4*b + 24 = 0, -2*m + 13 = -0*m - b. Let n(y) = -2*y**2 + 5*y - 4. Calculate n(m).
-16
Let q(w) = w**3 - 4*w**2 - 5*w - 6. Suppose 5*d = -5*f - 20, 2*f = 6*f + 5*d + 21. Suppose -p = -f - 4. What is q(p)?
-6
Suppose -w = -0 - 5. Let m(c) = -c**3 + 5*c**2 - c + 1. Let u be m(w). Let f(o) = -o**2 - 2*o + 5. Let a(g) = 1. Let y(i) = -5*a(i) + f(i). Determine y(u).
-8
Let s be (-1)/(1/(-2)) + (-26)/13. Let t(j) be the second derivative of 1/3*j**3 - 2*j + 0*j**2 + s + 1/12*j**4. Determine t(2).
8
Let z be 36/(-6) - 0/2. Let h(g) = -2*g**2 - 5*g - 3